s the ten millions digit of 424637676?
2
What is the millions digit of 202217516?
2
What is the hundreds digit of 557637413?
4
What is the units digit of 1019433260?
0
What is the millions digit of 371998226?
1
What is the thousands digit of 2258004812?
4
What is the ten thousands digit of 41248050?
4
What is the millions digit of 237747755?
7
What is the thousands digit of 263919301?
9
What is the tens digit of 129282974?
7
What is the ten millions digit of 8722273768?
2
What is the ten millions digit of 157509674?
5
What is the tens digit of 3606177917?
1
What is the ten millions digit of 508178224?
0
What is the hundreds digit of 22722822?
8
What is the hundred thousands digit of 48893544?
8
What is the millions digit of 146046747?
6
What is the ten millions digit of 78518517?
7
What is the millions digit of 1508948683?
8
What is the thousands digit of 94526621?
6
What is the hundreds digit of 8309772?
7
What is the hundred thousands digit of 3474750122?
7
What is the thousands digit of 66450668?
0
What is the ten millions digit of 38158420?
3
What is the millions digit of 216339911?
6
What is the hundreds digit of 1126631084?
0
What is the tens digit of 36019709?
0
What is the tens digit of 3419011116?
1
What is the thousands digit of 2361955224?
5
What is the ten thousands digit of 392215020?
1
What is the ten thousands digit of 1413340751?
4
What is the hundred thousands digit of 527286686?
2
What is the thousands digit of 816402271?
2
What is the tens digit of 30246006?
0
What is the hundreds digit of 34799881?
8
What is the tens digit of 93030179?
7
What is the billions digit of 3380109598?
3
What is the hundred millions digit of 1584867058?
5
What is the hundreds digit of 100202253?
2
What is the tens digit of 23121639?
3
What is the thousands digit of 3988983?
8
What is the hundred millions digit of 2676943687?
6
What is the tens digit of 17075918?
1
What is the thousands digit of 41640899?
0
What is the tens digit of 72068472?
7
What is the hundred thousands digit of 1736736516?
7
What is the units digit of 3271822415?
5
What is the ten millions digit of 22106521?
2
What is the units digit of 7242118839?
9
What is the hundreds digit of 8720771?
7
What is the hundred thousands digit of 55445500?
4
What is the tens digit of 296868474?
7
What is the hundreds digit of 1191099270?
2
What is the millions digit of 8648909?
8
What is the units digit of 2179347762?
2
What is the units digit of 170768787?
7
What is the hundreds digit of 237999143?
1
What is the hundreds digit of 54931177?
1
What is the hundred thousands digit of 34623252?
6
What is the tens digit of 1207690330?
3
What is the millions digit of 7804124?
7
What is the ten millions digit of 20249269?
2
What is the ten millions digit of 6440113063?
4
What is the ten millions digit of 84051732?
8
What is the hundred millions digit of 3568108908?
5
What is the billions digit of 1621382689?
1
What is the millions digit of 1276069200?
6
What is the hundreds digit of 1782844981?
9
What is the tens digit of 328949820?
2
What is the ten thousands digit of 358211364?
1
What is the ten thousands digit of 194008067?
0
What is the tens digit of 2453424222?
2
What is the tens digit of 364974597?
9
What is the hundreds digit of 2710874204?
2
What is the millions digit of 864298975?
4
What is the millions digit of 51160421?
1
What is the millions digit of 1448643176?
8
What is the millions digit of 40165352?
0
What is the thousands digit of 7139994?
9
What is the ten millions digit of 423600987?
2
What is the millions digit of 223797485?
3
What is the tens digit of 64591652?
5
What is the hundred thousands digit of 4844981713?
9
What is the thousands digit of 3170644469?
4
What is the millions digit of 261061000?
1
What is the hundred millions digit of 1576017359?
5
What is the hundreds digit of 227773635?
6
What is the millions digit of 708361244?
8
What is the thousands digit of 69296071?
6
What is the ten millions digit of 2384547633?
8
What is the ten thousands digit of 1239687246?
8
What is the ten millions digit of 460937733?
6
What is the hundreds digit of 562811919?
9
What is the hundreds digit of 232354221?
2
What is the ten millions digit of 71061625?
7
What is the hundreds digit of 67599175?
1
What is the ten thousands digit of 2146891959?
9
What is the tens digit of 261731052?
5
What is the hundreds digit of 59347556?
5
What is the hundreds digit of 8229736?
7
What is the hundred millions digit of 194425450?
1
What is the ten thousands digit of 1903628231?
2
What is the hundred millions digit of 165612528?
1
What is the hundreds digit of 1587447?
4
What is the ten thousands digit of 50022076?
2
What is the hundred thousands digit of 23168212?
1
What is the units digit of 104220268?
8
What is the millions digit of 874864663?
4
What is the ten millions digit of 30125689?
3
What is the hundreds digit of 132300486?
4
What is the tens digit of 115225419?
1
What is the hundred thousands digit of 139811418?
8
What is the millions digit of 448830362?
8
What is the thousands digit of 33955637?
5
What is the units digit of 1175985509?
9
What is the hundreds digit of 6754863553?
5
What is the tens digit of 43665955?
5
What is the ten millions digit of 100801453?
0
What is the ten thousands digit of 34682185?
8
What is the hundreds digit of 4249637127?
1
What is the ten millions digit of 1006452013?
0
What is the ten thousands digit of 25727958?
2
What is the units digit of 76553188?
8
What is the ten thousands digit of 69340803?
4
What is the hundreds digit of 265438518?
5
What is the ten millions digit of 67182171?
6
What is the hundred millions digit of 1664492671?
6
What is the hundred millions digit of 1041687260?
0
What is the millions digit of 180189186?
0
What is the millions digit of 1752337243?
2
What is the hundred thousands digit of 10678044?
6
What is the hundred thousands digit of 418169996?
1
What is the tens digit of 1702734789?
8
What is the thousands digit of 86857839?
7
What is the millions digit of 791673539?
1
What is the ten thousands digit of 435719531?
1
What is the hundred millions digit of 634039405?
6
What is the millions digit of 48159849?
8
What is the ten thousands digit of 1098026903?
2
What is the thousands digit of 128270742?
0
What is the hundreds digit of 119501227?
2
What is the thousands digit of 4131759841?
9
What is the hundred millions digit of 157258337?
1
What is the tens digit of 67416930?
3
What is the thousands digit of 1249549003?
9
What is the hundreds digit of 30766147?
1
What is the thousands digit of 227007476?
7
What is the ten thousands digit of 6034623?
3
What is the hundred millions digit of 551142021?
5
What is the units digit of 66539899?
9
What is the units digit of 242731174?
4
What is the hundreds digit of 8626639409?
4
What is the hundred millions digit of 1422892794?
4
What is the hundred thousands digit of 38366325?
3
What is the units digit of 3368836638?
8
What is the hundreds digit of 3684690937?
9
What is the millions digit of 41747625?
1
What is the hundreds digit of 917801433?
4
What is the units digit of 4914272345?
5
What is the hundred millions digit of 1075801897?
0
What is the hundreds digit of 19950170?
1
What is the hundreds digit of 59341173?
1
What is the ten millions digit of 62245981?
6
What is the ten millions digit of 1386036797?
8
What is the tens digit of 13397403?
0
What is the hundred millions digit of 1366502847?
3
What is the units digit of 3090891128?
8
What is the units digit of 63561175?
5
What is the hundred thousands digit of 259267840?
2
What is the thousands digit of 28965467?
5
What is the millions digit of 157069143?
7
What is the ten thousands digit of 12066447?
6
What is the units digit of 37868409?
9
What is the units digit of 650787508?
8
What is the hundred thousands digit of 7499229030?
2
What is the units digit of 2485019849?
9
What is the ten thousands digit of 142307804?
0
What is the millions digit of 7891122659?
1
What is the millions digit of 6304102192?
4
What is the hundred thousands digit of 123323153?
3
What is the ten thousands digit of 28499096?
9
What is the ten millions digit of 53224640?
5
What is the hundred thousands digit of 70239085?
2
What is the millions digit of 45129